{"id":2756,"date":"2023-09-04T07:25:31","date_gmt":"2023-09-04T07:25:31","guid":{"rendered":"https:\/\/fitsmart.io\/shop\/?page_id=2756"},"modified":"2024-05-31T13:11:05","modified_gmt":"2024-05-31T13:11:05","slug":"versand","status":"publish","type":"page","link":"https:\/\/fitsmart.io\/shop\/versand\/","title":{"rendered":"Versand"},"content":{"rendered":"\t\t<div data-elementor-type=\"wp-page\" data-elementor-id=\"2756\" class=\"elementor elementor-2756\" data-elementor-post-type=\"page\">\n\t\t\t\t\t\t<section class=\"elementor-section elementor-top-section elementor-element elementor-element-faa6436 elementor-section-boxed elementor-section-height-default elementor-section-height-default\" data-id=\"faa6436\" data-element_type=\"section\" data-settings=\"{&quot;background_background&quot;:&quot;gradient&quot;}\">\n\t\t\t\t\t\t<div class=\"elementor-container elementor-column-gap-default\">\n\t\t\t\t\t<div class=\"elementor-column elementor-col-100 elementor-top-column elementor-element elementor-element-7b70337\" data-id=\"7b70337\" data-element_type=\"column\">\n\t\t\t<div class=\"elementor-widget-wrap elementor-element-populated\">\n\t\t\t\t\t\t<div class=\"elementor-element elementor-element-f4665ce elementor-widget elementor-widget-heading\" data-id=\"f4665ce\" data-element_type=\"widget\" data-widget_type=\"heading.default\">\n\t\t\t\t<div class=\"elementor-widget-container\">\n\t\t\t\t\t<h2 class=\"elementor-heading-title elementor-size-default\">Versandinformationen<\/h2>\t\t\t\t<\/div>\n\t\t\t\t<\/div>\n\t\t\t\t<div class=\"elementor-element elementor-element-f4a50cf elementor-widget-divider--view-line elementor-widget elementor-widget-divider\" data-id=\"f4a50cf\" data-element_type=\"widget\" data-widget_type=\"divider.default\">\n\t\t\t\t<div class=\"elementor-widget-container\">\n\t\t\t\t\t\t\t<div class=\"elementor-divider\">\n\t\t\t<span class=\"elementor-divider-separator\">\n\t\t\t\t\t\t<\/span>\n\t\t<\/div>\n\t\t\t\t\t\t<\/div>\n\t\t\t\t<\/div>\n\t\t\t\t\t<\/div>\n\t\t<\/div>\n\t\t\t\t\t<\/div>\n\t\t<\/section>\n\t\t\t\t<section class=\"elementor-section elementor-top-section elementor-element elementor-element-9e17a5f shipping-page elementor-section-boxed elementor-section-height-default elementor-section-height-default\" data-id=\"9e17a5f\" data-element_type=\"section\">\n\t\t\t\t\t\t<div class=\"elementor-container elementor-column-gap-default\">\n\t\t\t\t\t<div class=\"elementor-column elementor-col-100 elementor-top-column elementor-element elementor-element-4f61508\" data-id=\"4f61508\" data-element_type=\"column\">\n\t\t\t<div class=\"elementor-widget-wrap elementor-element-populated\">\n\t\t\t\t\t\t<div class=\"elementor-element elementor-element-426ca92 elementor-widget elementor-widget-text-editor\" data-id=\"426ca92\" data-element_type=\"widget\" data-widget_type=\"text-editor.default\">\n\t\t\t\t<div class=\"elementor-widget-container\">\n\t\t\t\t\t\t\t\t\t<p><strong>Wie lange dauert es, bis meine Bestellung ankommt?<\/strong><\/p><p>Wir bem\u00fchen uns, innerhalb von 3 bis 6 Werktagen zu liefern. In Sto\u00dfzeiten, wie z.B. zu<br \/>Ferienzeiten, sind l\u00e4ngere Lieferzeiten zu erwarten.<\/p><p><strong>Meine Bestellung ist nicht angekommen, was soll ich tun?<\/strong><\/p><p>Sollten Sie Ihre Bestellung 10 Werktage nach Erhalt der Versandbest\u00e4tigung nicht erhalten haben, wenden Sie sich bitte an unseren Kundenservice. Wir werden uns umgehend um Ihr Anliegen k\u00fcmmern. Sollten Sie keine Versandbest\u00e4tigung erhalten haben, \u00fcberpr\u00fcfen Sie bitte Ihren Spam-Ordner.<\/p><p><strong>Ich habe ein Paket von Ihnen erhalten, das ich nicht bestellt habe. Was kann ich tun?<\/strong><\/p><p>Sie haben ein Paket von uns erhalten, das Sie nicht bestellt haben? Kontaktieren Sie<br \/>bitte so bald wie m\u00f6glich unser Kundenservice-Team. Sie k\u00f6nnen Ihnen die<br \/>Bestellinformationen zur Verf\u00fcgung stellen und Ihnen sagen, welche Schritte Sie<br \/>unternehmen sollten, um das Problem zu l\u00f6sen.<\/p><p><strong>Kundenservice<\/strong><\/p><p>Unser freundliches Kundenservice-Team steht Ihnen zur Beantwortung all Ihrer Fragen<br \/>rund um Ihre Bestellung zur Verf\u00fcgung.<\/p><p>Email: <a href=\"mailto:contact@fitsmart.io\">contact@fitsmart.io<\/a><\/p>\t\t\t\t\t\t\t\t<\/div>\n\t\t\t\t<\/div>\n\t\t\t\t\t<\/div>\n\t\t<\/div>\n\t\t\t\t\t<\/div>\n\t\t<\/section>\n\t\t\t\t<\/div>\n\t\t","protected":false},"excerpt":{"rendered":"<p>Versandinformationen Wie lange dauert es, bis meine Bestellung ankommt? Wir bem\u00fchen uns, innerhalb von 3 bis 6 Werktagen zu liefern. In Sto\u00dfzeiten, wie z.B. zuFerienzeiten, sind l\u00e4ngere Lieferzeiten zu erwarten. Meine Bestellung ist nicht angekommen, was soll ich tun? Sollten Sie Ihre Bestellung 10 Werktage nach Erhalt der Versandbest\u00e4tigung nicht erhalten haben, wenden Sie sich&hellip; <a class=\"more-link\" href=\"https:\/\/fitsmart.io\/shop\/versand\/\"><span class=\"screen-reader-text\">Versand<\/span> weiterlesen<\/a><\/p>\n","protected":false},"author":1,"featured_media":0,"parent":0,"menu_order":0,"comment_status":"closed","ping_status":"closed","template":"elementor_header_footer","meta":{"_acf_changed":false,"bwfblock_default_font":"","inline_featured_image":false,"footnotes":""},"class_list":["post-2756","page","type-page","status-publish","hentry","entry"],"acf":[],"_links":{"self":[{"href":"https:\/\/fitsmart.io\/shop\/wp-json\/wp\/v2\/pages\/2756","targetHints":{"allow":["GET"]}}],"collection":[{"href":"https:\/\/fitsmart.io\/shop\/wp-json\/wp\/v2\/pages"}],"about":[{"href":"https:\/\/fitsmart.io\/shop\/wp-json\/wp\/v2\/types\/page"}],"author":[{"embeddable":true,"href":"https:\/\/fitsmart.io\/shop\/wp-json\/wp\/v2\/users\/1"}],"replies":[{"embeddable":true,"href":"https:\/\/fitsmart.io\/shop\/wp-json\/wp\/v2\/comments?post=2756"}],"version-history":[{"count":9,"href":"https:\/\/fitsmart.io\/shop\/wp-json\/wp\/v2\/pages\/2756\/revisions"}],"predecessor-version":[{"id":91042,"href":"https:\/\/fitsmart.io\/shop\/wp-json\/wp\/v2\/pages\/2756\/revisions\/91042"}],"wp:attachment":[{"href":"https:\/\/fitsmart.io\/shop\/wp-json\/wp\/v2\/media?parent=2756"}],"curies":[{"name":"wp","href":"https:\/\/api.w.org\/{rel}","templated":true}]}}